when x is divided by 56?
53
What is the remainder when 150 is divided by (25 + 11 - 10) + (-3 + 2)*5?
3
Suppose 2*h = -3*h + 10. Suppose -135 + 32 = -93*n - 10. Calculate the remainder when h is divided by n.
0
Calculate the remainder when 601 is divided by -14 - 1030/(-5) - (-2 + -6).
1
Let a = 16615 - 16473. What is the remainder when a is divided by 5?
2
Suppose 8*g - 200 = 33*g. Calculate the remainder when g/12 - (-1)/(-3) - -148 is divided by 75.
72
Let g(f) = -5*f**2 + 59*f + 2. Suppose 7*r + 63 = 10*r. What is the remainder when g(1) is divided by r?
14
Suppose 0 = 2*g - 5*w - 56, g - 4*w - 1 = 30. Let c = 814 - 592. Suppose -h = -2*z + c, 5*h - 16 = 4. What is the remainder when z is divided by g?
21
Suppose 0 = 3*f + 9, r = 2*f + 44 - 25. Calculate the remainder when 2234 is divided by r.
11
Let y(s) = -s**2 + 3. Let j be y(-3). Let p(x) = -227*x + 1471. Calculate the remainder when p(6) is divided by 22/(-33) - 172/j.
25
Suppose -267 + 258 = -3*h, 0 = -3*n - 3*h + 141. Calculate the remainder when n is divided by 37.
7
Let d = 7233 + -7223. Suppose -g - 92 = -5*j, -5*g - 3*j - 280 = 40. Let k = 124 + g. What is the remainder when k is divided by d?
7
What is the remainder when (-20)/6*-12*8/(-32)*-32 is divided by 108?
104
Let h(p) = -p**3 - 58*p**2 - 65*p - 399. Calculate the remainder when h(-57) is divided by 19.
0
Let n be -2*(1 + (-26)/4). Suppose 0 = -u + 3, -31*y - 9 = -28*y - 5*u. What is the remainder when 82 is divided by ((-231)/n)/(1 + (-3)/y)?
40
Let x = 621 + -367. Suppose 98*n = 97*n + x. Calculate the remainder when n is divided by 86.
82
Suppose 38*a + 16 - 92 = 0. Suppose -5*n + a*i + 476 = 0, 3*n + 0*i - 2*i - 284 = 0. What is the remainder when 271 is divided by n?
79
Suppose -3*z + 283 = 2*a, -3*a + a = 4*z - 290. Calculate the remainder when 489 is divided by a.
96
Suppose 2*y = -8*u + 6*u - 60, 0 = -5*y + 5*u - 200. Calculate the remainder when y/2*152/(-10) is divided by 45.
41
Let f(t) = -39*t - 1. Let b(h) = 40*h + 1. Let o(p) = 6*b(p) + 7*f(p). Calculate the remainder when (-13 - -3)/((-980)/12152) is divided by o(-1).
28
Suppose m = -4*m + 445. Let v = 30712 - 30689. Calculate the remainder when m is divided by v.
20
Let c(w) = w**2 + 10*w - 24. Let z = -52 + 56. Calculate the remainder when 70 is divided by c(z).
6
Calculate the remainder when 17777 is divided by (-84)/(-1890) - 79996/(-315).
251
Suppose 2*b + 5*i - 10 = 0, 0*i + 2*i - 4 = -4*b. Suppose -f - 2*d = 3*d - 53, 4*f - d - 296 = b. Calculate the remainder when f is divided by 20.
13
Suppose 3*y = 2*h - 122, -h - y + 322 = 4*h. Suppose d = 3*m + 3 + 2, 5*d - 2*m - h = 0. Calculate the remainder when 53 is divided by d.
11
Suppose q - 624 = -5*q. Let a = -24 - -73. Suppose -3*m = -q - a. Calculate the remainder when m is divided by 27.
24
Calculate the remainder when 151 is divided by 7200/1275 + (-12)/(-34).
1
Suppose 132 = 8*s + 121 - 221. Let a(y) = -13*y - 10. What is the remainder when a(-7) is divided by s?
23
Let u be ((-33)/(-22))/(2/8). Suppose 0 = l - u*l + 130. Let i = l - 7. What is the remainder when 32 is divided by i?
13
Let b(l) = 5*l**2 - 19*l + 100. Calculate the remainder when 970 is divided by b(-7).
14
What is the remainder when -3688*1/(-8) + -14 is divided by 25?
22
Let u(h) = h - 10. Let l be u(15). Suppose -115 = -l*n + 25. Let a = n - 8. Calculate the remainder when a is divided by 12.
8
Let x(v) = -v**3 - 10*v**2 - 11*v - 10. Let p be x(-9). What is the remainder when 1764/99 + p/44 is divided by 10?
8
Suppose -18*w - 28*w = 13070 - 31332. Suppose 125 = -5*h + 525. Calculate the remainder when w is divided by h.
77
Let h(r) = r**2 + r + 1. Let b(j) = 4*j**2 - 29. Let w(d) = -b(d) + 5*h(d). What is the remainder when w(-8) is divided by 6?
4
Suppose -5*w - 4*o = -0*w - 2152, -2*o = 4. Let c = w + -355. Calculate the remainder when 303 is divided by c.
72
What is the remainder when 1*(-9)/(126/(-9772)) is divided by 10?
8
Calculate the remainder when 1317 is divided by 40/(-6)*(330/(-8))/5.
52
Let s be (2/(-12)*-4)/(2/(-66)). Let a = -4 - s. Suppose -69 = -2*u + 33. What is the remainder when u is divided by a?
15
Let n = -120 + 18. Let q = n + 321. Calculate the remainder when q is divided by 55.
54
Suppose -2*o + 8 = 0, -r + 125 = 2*o - 69. Let m = r - 125. Calculate the remainder when 364 is divided by m.
59
Let g = 8075 - 1087. Calculate the remainder when g is divided by 66.
58
Suppose -7*s + 8*s + 2*o = 165, -3*s = 4*o - 481. What is the remainder when 15098 is divided by s?
149
Let g(t) = t**2 - 12*t + 6. Let j = -41 - -52. Let o be g(j). Calculate the remainder when 34 is divided by (-144)/40*o/3.
4
Let c(w) = -2*w**3 + 178*w**2 + 13*w - 207. What is the remainder when c(89) is divided by 942?
8
Let f be (0 + 1 - 3)*(-11)/(-22). Let o(w) = -35*w**3 - 4*w**2 - 4*w - 2. Calculate the remainder when 2/3 + 782/6 is divided by o(f).
32
Let o = 88 - 34. Let x = 246 - 52. Calculate the remainder when x is divided by o.
32
Suppose 932*p - 929*p - 16 = 2*l, -2*l = 4*p - 12. Let y(n) = -2*n**3 - 4*n**2 - 2*n + 2. Calculate the remainder when y(-2) is divided by p.
2
Suppose -3*y = -2*v - 3, -v - 6 = -4*y + y. Suppose -y*f = -9*f + 138. Let h(s) = 29*s + 4. What is the remainder when h(3) is divided by f?
22
Let o(t) = 3*t + 1. Suppose 3*l = 3*x + 75, 13*x = 2*l + 17*x - 26. What is the remainder when l is divided by o(1)?
1
Let m be 30/(-24) + 1194/8. Suppose 2*x + 60 = m. Calculate the remainder when 110 is divided by x.
22
Suppose 38293 = 375*g - 372*g + 2*i, 0 = -4*g - 3*i + 51059. Calculate the remainder when g is divided by 37.
33
Let c = -1198 - -1222. Calculate the remainder when 1870 is divided by c.
22
Suppose -7485 = -3*x - 5*c, -32*x + 28*x = -c - 10003. Calculate the remainder when x is divided by 61.
60
What is the remainder when 499 - (-40)/8 - (1 + -3) is divided by 200?
106
Suppose -5*b = 3*m - 2274, 1832 = b + 3*b - 4*m. Suppose 12*k + 0*k = b. Calculate the remainder when 70 is divided by k.
32
Let q(o) = 11*o + 29. Let l be q(-7). Let g = l + 50. Suppose 0 = -4*s + 5*a + 212, g*s + 0*s + 5*a - 76 = 0. What is the remainder when s is divided by 10?
8
Let j(x) = 2*x**2 + 76*x + 1120. Calculate the remainder when j(-25) is divided by 79.
75
Let h(n) = n**3 - 7*n**2 - 7*n - 4. Let r(q) = -8*q + 74. Let m(t) = -3. Let v(u) = -3*m(u) - r(u). Calculate the remainder when v(10) is divided by h(8).
3
Suppose 39*g - 6821 = 2032. What is the remainder when 347 is divided by g?
120
Suppose -14*z + 160 = 11*z - 615. Calculate the remainder when 1658 is divided by z.
15
Suppose -5*u - 449 = -5*c - 8*u, 441 = 5*c + 2*u. Calculate the remainder when c is divided by (4/6)/(1/48).
21
Suppose -97 + 91 = 2*w. What is the remainder when (-8 - (w - 2))*-17 is divided by (-702)/(-65) - (-2)/10?
7
Suppose -1679 + 1868 = 9*w. Let c(d) = d**3 - 6*d**2 - d - 10. Let t be c(7). Let p = t + -20. Calculate the remainder when w is divided by p.
9
Let d = 121 - 176. Let r = 88 + d. Calculate the remainder when r is divided by 18.
15
Let b(g) = 34*g + 365. Let a(d) = -17*d - 184. Let w(n) = -7*a(n) - 3*b(n). Calculate the remainder when (-3)/(50/(-44) + 1) is divided by w(-11).
4
Let k(a) = 3*a**2 + 6*a - 1. Let u be k(-3). Let z(w) = -w**2 - 6*w - 6*w**3 + u*w - 9*w. Calculate the remainder when z(-3) is divided by 35.
34
Let o(t) = 13*t**2 + 20*t + 8. Let z(i) = 3*i**2 + 5*i + 2. Let w(n) = -2*o(n) + 9*z(n). Let v be w(-6). What is the remainder when 17 is divided by -9*4/v*-2?
8
What is the remainder when 265 is divided by 7*(-2555)/(-245) + (-1 - -5) + 0?
34
Let s(p) = -p**3 + 67*p**2 + 42*p - 182. What is the remainder when s(67) is divided by 328?
8
Let d(g) = 3*g**3 - 8*g**2 - 4*g + 4. Calculate the remainder when d(4) is divided by 3.
1
Suppose 0 = -7*u + 2*u - 4*d + 192, 3*d = 2*u - 109. What is the remainder when 607 is divided by u?
35
Suppose -4*f + 6420 = 3*c, 6*f - 9*f = -2*c + 4280. Calculate the remainder when c is divided by 58.
52
Let b = -82 - -185. Suppose 5*h = -3*j + b, 221 = 5*j - 0*h - 4*h. Suppose 7*w - 641 - 486 = 0. What is the remainder when w is divided by j?
38
Let w = 191 - 188. Suppose 2*l - w*l = -15. What is the remainder when 27 is divided by l?
12
Suppose -875 + 2380 = -5*k. Let j = -106 - k. Wha